. Calculate the greatest common divisor of t and n.
9
Suppose 194*b - 2368 = 162*b. Calculate the greatest common divisor of 777 and b.
37
Let h(d) = -d**2 + 350*d + 84. Let l be h(0). What is the greatest common divisor of l and 6132?
84
Let q = -8451 + 8820. Calculate the highest common divisor of q and 164.
41
Let u = 678 - 494. Calculate the highest common factor of 966 and u.
46
Let m be 56/(-308) + (-46)/(-11). Let a be (((-200)/15)/m)/(2/(-6)). Calculate the highest common factor of a and 10.
10
Let w be (452/20 + -18)*5. Calculate the highest common divisor of 31326 and w.
23
Let a = -13 + 27. Suppose 104 = 3*t + a. Suppose -603 = -132*c + 2037. What is the highest common factor of t and c?
10
Suppose -6*f = -9*f - 2*q + 68, 266 = 11*f - q. Let j(k) = -k**3 + 9*k**2 - 10*k + 8. Let b be j(6). Calculate the highest common divisor of b and f.
8
Let y(v) = 925*v + 4632. Let a be y(-5). What is the highest common factor of a and 2807?
7
Suppose -22 = 27*k - 199 - 228. Let r = -4 + 6. Suppose 4*f - 546 = -0*a + r*a, -2*f - 5*a + 255 = 0. Calculate the highest common factor of k and f.
15
Let n = 311 + -369. Let u = 74 + n. What is the greatest common factor of 64 and u?
16
Let m(v) = v**3 - 14*v**2 - 9*v + 310. Let x be m(13). What is the greatest common factor of 4976 and x?
8
Suppose -159*i = 5*g - 162*i - 4717, 0 = 5*i - 5. What is the greatest common divisor of 59 and g?
59
Let i(s) = 3*s**2 - 29*s - 19. Let o be i(16). Suppose -o + 109 = -2*f. What is the highest common divisor of 66 and f?
22
Let j be -4 - ((-1)/(14/10376) - (-516)/(-602)). What is the greatest common divisor of j and 27?
9
Suppose 2*w - 94 = 1100 + 398. Calculate the greatest common factor of 16 and w.
4
Let m be (-22 - (-819)/36) + 21889/4. What is the greatest common factor of 39 and m?
13
Let k(s) = s**2 + 4*s - 73. Let l be k(-11). Let v(g) = -g**2 + 4*g + 11. Let j be v(l). What is the greatest common divisor of 121 and j?
11
Let h(f) = 37*f**3 + f**2 + 3*f - 3. Let v be h(2). Suppose -m + 297 = 2*o, 2*m + v = 2*o + m. What is the highest common factor of 6 and o?
6
Let o = 196 + -61. Suppose -4*d - 20 = 5*a, -8*d - 20 = -5*a - 4*d. Suppose a = -r + 2, 3*p - 3*r = -p + 102. Calculate the highest common divisor of o and p.
27
Let t(h) = h**3 + 8*h**2 + 5*h - 9. Let l be t(-5). Let w be (-12)/(-10)*(l - (-3 + -1)). What is the highest common divisor of 6 and w?
6
Let g be 452/(-565) + 5964/30. Let q be -1 - -2*(-67)/(-2). Calculate the greatest common divisor of g and q.
66
Let x = -235 + 331. Let h = -25335 + 25340. Suppose h*y - 3*y = x. What is the highest common divisor of y and 72?
24
Suppose -1730*y = 43869 - 141813 - 123496. Let t = 23 - -17. What is the highest common divisor of y and t?
8
Let q = 1551 + -1545. Calculate the greatest common factor of 363 and q.
3
Let m(p) = -p**3 - 36*p**2 + 28*p + 1054. Let o be m(-36). What is the greatest common divisor of 3082 and o?
46
Let s be (-3)/(-21)*2*-1 - 314900/(-1316). Calculate the greatest common factor of s and 7.
1
Suppose 3417*u - 171 = 3406*u + 159. Calculate the highest common factor of u and 135.
15
Let n(t) = -11*t**3 - 4*t**2 - 4*t + 18. Let m be n(-4). Suppose -v + 5*j + m = 278, 0 = -2*j - 2. Calculate the greatest common factor of v and 17.
17
Suppose 0 = -7*w + 4*w + 102. Suppose -145*m = -146*m + 68. What is the greatest common factor of m and w?
34
Suppose -2 = 3*q - 17. Suppose q*r - 3*k = k + 309, 3*k = 2*r - 118. Let x be (50 + (-2 - 9))*(-4 + 0 + 5). Calculate the highest common factor of r and x.
13
Suppose 6*o - 786 = -4*k, 0 = -2*k + k - 3. Suppose 0 = 135*q - o*q - 224. Calculate the greatest common divisor of q and 126.
14
Let k be -7 + (16 - 7) + -7 - -87. What is the highest common factor of 82 and k?
82
Let g be ((-4)/(-2))/((-16)/32). Let b be ((-56)/(-21))/(g/(-36)). What is the greatest common factor of b and 96?
24
Let m(o) = 18*o**2 + 80*o + 228. Let s be m(-7). What is the greatest common divisor of s and 33?
11
Let w = -7 + 50. Suppose -a + 223 = 3*n + w, -558 = -3*a - 3*n. Let z = a + -99. What is the highest common factor of 18 and z?
18
Let y = 176 - 126. Let b be (24/(-10))/((-20)/y). Calculate the highest common factor of b and 78.
6
Suppose -2*j + 199 = -5*k, -14*j + 2*k - 248 = -16*j. Calculate the highest common factor of 22347 and j.
117
Let w(j) = -458*j - 1319. Let p be w(-3). What is the highest common factor of 4345 and p?
55
Suppose -9*l + 860 = 12*l - 736. Let x(z) = -44*z + 1. Let s be x(-3). What is the greatest common factor of l and s?
19
Suppose 0 = k - 24 + 38 - 24. Suppose 9 = -2*q + q - 2*u, 2*q - 4*u + 2 = 0. Let i = k - q. What is the greatest common factor of i and 6?
3
Suppose 40 = 2*j + 2*j. Suppose -8*w + j*w = 594. Suppose -21*c + 148 = -419. What is the greatest common divisor of c and w?
27
Let f be 16/(-144)*24*-39. Calculate the greatest common divisor of f and 568.
8
Suppose 0 = 2*q - m - 1556, 4*m = 3*q - 2173 - 161. Calculate the greatest common divisor of q and 6.
2
Let v = 12809 - 7619. What is the greatest common factor of 30 and v?
30
Suppose 62734 = 59*s - 15642 - 2159. What is the greatest common factor of 70 and s?
35
Let c be (-9)/(-4)*(2 + 14). Let v = -19 + c. Suppose 5*n - 170 = -4*g, -20*n + 24*n - g = 136. What is the greatest common factor of n and v?
17
Suppose -2*p + 7*p = 4*o + 2, o + 4*p = 10. Suppose 2*d - 4*r - 3 = -15, -o*d + 3 = -r. What is the highest common divisor of 64 and d?
4
Suppose m + 3*q = 80, -3*m - q + 196 + 60 = 0. Suppose 6670 = -99*k + 19441. Calculate the highest common divisor of m and k.
43
Let h(y) = y**2 + 5*y. Let n be h(3). Let d = 29 + -64. Let u = 51 + d. Calculate the greatest common divisor of n and u.
8
Suppose -84112 + 27021 = 35*z - 346996. Calculate the highest common factor of 33 and z.
33
Let y(s) = 90*s - 288. Let r be y(7). What is the highest common divisor of r and 152?
38
Let w = 147 - 143. Suppose 5*t = -w*b + 71, 56 = 4*t - b + 4*b. What is the highest common factor of t and 3?
1
Let i(g) = -16*g + 13. Let n be i(-3). Suppose 8*t = n - 37. Calculate the greatest common factor of 1 and t.
1
Let t be ((-87)/4)/((-2)/8). Let f be 2/3*15*(-55506)/(-1276). What is the greatest common divisor of f and t?
87
Let s = 18 + 1. Let x(v) = -84*v - 43. Suppose 24*y + 55 + 17 = 0. Let t be x(y). What is the highest common divisor of t and s?
19
Suppose 0 = 2*s - 4*i - 8, 1 = -5*s - i + 32. Suppose s*n = -6*n + 600. Calculate the greatest common factor of 175 and n.
25
Suppose 0 = 20*m - 16*m + 96. Let b be m/(-3 + 6 + -3 + -1). Calculate the highest common factor of 216 and b.
24
Let z be 8/60 + 81/27 + 21054/45. What is the greatest common divisor of z and 33?
3
Suppose -69*b - 3226960 = -259*b. What is the greatest common divisor of b and 88?
88
Suppose -5*n - 2 + 19 = -z, 0 = 2*z + n + 12. Suppose 0 = 3*l - 2*q + 68, -l = q + 18 - 2. Let a = z - l. What is the greatest common divisor of a and 143?
13
Let f(s) = s**2 + 6*s - 885. Let r be f(-36). What is the greatest common divisor of r and 91?
13
Let c = 7337 - -800. Calculate the highest common factor of 237 and c.
79
Suppose 5*v = 4*n - 1599, -405 = -0*n - n + 3*v. Let f(a) = 15*a**2 - 227*a + 74. Let z be f(15). What is the greatest common divisor of z and n?
44
Suppose -4*z + 3085 = 3*o - 2202, -5*z = -2*o + 3563. What is the highest common factor of 261 and o?
29
Suppose 5*d - 40 = -3*u, 0 = -2*u + 4*d - 0 - 10. Suppose -u*h - 161 = -c, -c = 4*c + 4*h - 863. Calculate the highest common factor of c and 228.
57
Let u = -27 - -28. Let g(w) = 7*w**3 + w**2 - 2*w + 2. Let n be g(u). Suppose 476 = n*i - i. What is the highest common factor of i and 17?
17
Let h(y) = -y**3 - 24*y**2 - 17*y + 32. Let t(i) = 4*i + 44. Let o be t(-17). Let w be h(o). What is the highest common factor of w and 55?
55
Suppose 0 = -4*b + 20, 5*m + 4*b - 25994 = 3476. Suppose -64*s + 33*s = -m. Calculate the highest common factor of s and 114.
38
Suppose 779*c = 748*c + 5704. What is the highest common divisor of c and 667?
23
Suppose 3*q = q. Suppose -10*w + w + 288 = q. What is the greatest common divisor of 112 and w?
16
Suppose 4*j = 6*j + 6, -3*s = -3*j - 21. Let y(d) = 2*d**3 - 4*d**2 - 10*d + 1. Let c be y(s). Calculate the greatest common divisor of c